ppose -16*g + 0 = -32. Calculate r(g).
8
Let r(z) = -z**3 - 7*z**2 - 8*z - 8. Let a = 1162 + -1168. What is r(a)?
4
Let c = -1693 + 1698. Let o(y) be the second derivative of -1/20*y**c + 0 + 1/3*y**4 - 1/3*y**3 + 2*y**2 - 11*y. What is o(4)?
-4
Let a(f) = -f**3 + 7*f**2 - 4*f - 15. Let o be a(6). Let s(z) = 3*z + 14. Let x be s(o). Let u(k) = k**2 - 4*k + 1. Give u(x).
6
Let x(h) be the first derivative of -3*h**2/2 + 3*h + 1. Suppose -g - 30 = -7*g. Give x(g).
-12
Let g(k) = 0 + 5 + 0 + 342*k**2 - 3*k - 343*k**2. What is g(-6)?
-13
Let q(h) = -h - 10. Suppose -23*v + 22*v + 7 = 0. Suppose 2*d + 21 - v = 0. What is q(d)?
-3
Let g be ((-6)/3 - -3)*3. Let u = g + -3. Let c(n) = n**2 + 11. Determine c(u).
11
Let k be 206/14 + (-2)/(-7). Suppose s = 3*y - 2*s - 57, -4*y = -s - 85. Let m = y - k. Let a(q) = -q**2 + 8*q - 6. Calculate a(m).
1
Let f(q) = 8 - 18*q**2 + 0*q**3 + 9*q**2 - q**3 + 0 + 5. Calculate f(-9).
13
Let w(f) = f**3 + 7*f**2 - f - 5. Let s be w(-7). Let i be 2 + -3 + 2 + s + -4. Let d(l) = 14*l**2. Calculate d(i).
14
Suppose 4 = -5*l + 7*l. Suppose 56 - l = 9*t. Let n(b) = -b**3 + 7*b**2 - 6*b - 5. Determine n(t).
-5
Let f(o) = 8*o - 19*o + 12*o. Let d(u) = u + 4. Let m(i) = -d(i) + 2*f(i). Determine m(6).
2
Let f be 3/1 - 1 - (6 + -95). Let b be f/14 - (-2)/4. Let c(x) = x**3 - 7*x**2 + x - 2. Give c(b).
5
Let d(g) = -2*g**2 + 23*g + 14. Let x be d(12). Let o be (-5)/2 + x*(-9)/12. Let y(n) = -2*n + 1. Calculate y(o).
9
Suppose -174 = -2*k - a - 168, 4*k - 6 = a. Let g(c) = -12*c**2 - 4*c + 2. Determine g(k).
-54
Let j = 332 - 330. Let d(s) = -3*s**2 - 3*s + 1. Give d(j).
-17
Let z(y) = y**3 + 5*y**2 - 7*y - 6. Suppose 0 = -h + u, -3*u = 2*h - 0*u + 10. Let k be (-11 - h)*(-2)/(-3). Determine z(k).
0
Let p(j) be the second derivative of j**5/20 + j**4/2 - j**2/2 - 212*j. Calculate p(-6).
-1
Let q(r) = -r**3 - 6*r**2 - 6*r. Suppose 21*j + 5*j = -130. Give q(j).
5
Let x(v) = -v**2 - 4*v + 5. Let y(i) = -i**3 + 10*i**2 - 7*i - 16. Let s be y(9). Suppose -3*j = -3*l - 0*j - 21, s*l = -2*j - 6. What is x(l)?
0
Let u(a) be the second derivative of a + 4*a**2 + 1/6*a**3 + 0. Let v(f) = 150*f - 155. Let t be v(1). Determine u(t).
3
Let p(l) = l - 4. Let i(t) = -t - 3. Suppose -17 = 3*g - 2*m, -4 = -0*m - 4*m. Let d be 4/((-3 - 7)/g). Let f be i(d). Calculate p(f).
-9
Let l(v) = -v + 3. Let a(t) = t - 2. Let h be a(3). Let p be l(h). Let z(f) = -f + 2. Determine z(p).
0
Let v(f) be the second derivative of -f**5/20 - f**4/6 + f**3/3 - 3*f**2/2 - 55*f. What is v(-3)?
0
Let v(g) = -5 + 20 - 10 + 2*g - g**3 + 2*g**2. What is v(3)?
2
Let l(s) = s**3 + 6*s**2 - 7*s + 6. Let r be l(-7). Let z(j) = -2*j + 14. Give z(r).
2
Suppose 0 = -3*h + 5 + 1. Let u(w) = -w - 9. Let o(i) = 2*i + 19. Let s(z) = h*o(z) + 5*u(z). What is s(0)?
-7
Suppose 8*k = -k. Suppose -5*n + 20 = -0*n. Let m(y) = -3 - 6 + n - y. What is m(k)?
-5
Let t(n) = -2*n + 1 - 7*n**2 - 2 + 0*n. Let s = -9 + 3. Let v be 10/s - (-4)/6. What is t(v)?
-6
Let y(b) = 2*b + 5. Let g be y(-7). Let a = g - -10. Let k(s) = -4*s**3 - 3 + 3*s**3 + a. Calculate k(0).
-2
Suppose -o - 5*q = 15, 5*o + 2*q + 259 = 69. Let v = o - -35. Let s(x) = -x**2 - 4*x + 6. Give s(v).
1
Let c be (-5)/(-50)*-1 - 245/50. Let y(j) be the second derivative of j**4/12 + 5*j**3/6 - 2*j**2 - 4*j. Give y(c).
-4
Let a(b) = b + 13. Let s(r) = -15*r + 37. Let m be s(-5). Let u = -119 + m. Determine a(u).
6
Let v(k) = k**2 - 13*k + 9. Let z = -1196 - -1208. Calculate v(z).
-3
Let o(m) = -8 + 4 - 3*m - m**2 + 0. Suppose -2*q + 2*p = 10, 2*q - 3*q - 11 = -4*p. Give o(q).
-4
Let h(q) = q**2 + 13*q - 12. Suppose -4*g - x - 58 + 6 = 0, 3*x + 58 = -5*g. Let j be h(g). Let z(f) = 2*f**2 - 3*f. What is z(j)?
2
Let h(b) = b**2 + 2*b. Let z(q) = -3*q + 2. Let j be z(-1). Suppose -v + j*v = d + 22, -4*d + 3*v - 23 = 0. Give h(d).
0
Let q = 10 - 4. Suppose -7*b + 2 = -q*b. Let i(x) = -b*x - x**3 - 1 + 0*x**3 + 5*x - 4*x + 3*x**2. What is i(2)?
1
Suppose 22*b - 20*b + 6 = 0. Suppose -3*d + 5 = 4*m - 28, 2*d = m. Let i(g) = -g**2 - 2 - 3 + m - g. What is i(b)?
-5
Let c(l) = -l**3 - 3*l**2 - 3*l - 3. Suppose -84*o - 24 = -81*o. Let v(a) = a**3 + 8*a**2 + 3*a + 22. Let r be v(o). What is c(r)?
-1
Let v(b) = 3*b**2 + 35*b - 6. Let a(n) = n**2 + 16*n - 3. Let k(g) = -5*a(g) + 2*v(g). Determine k(9).
-6
Let b(u) be the first derivative of u**4/4 - 5*u**3/3 + u**2/2 + 3*u - 34. Calculate b(5).
8
Let y(l) = -27*l + 1. Suppose -f + 2 = v, -18*f + v - 8 = -13*f. What is y(f)?
28
Let o(j) be the third derivative of j**6/120 + 2*j**5/15 + j**4/24 + j**3 + 67*j**2. Calculate o(-8).
-2
Let d(p) = -p**3 + 4*p**2. Suppose 9 + 31 = 10*r. Suppose -15 - 11 = -2*i + r*s, 0 = i + 2*s + 7. Determine d(i).
9
Let i(p) be the third derivative of p**5/60 - 5*p**4/24 - 4*p**3 + 14*p**2. Let g be i(8). Let w(v) = -v**2. What is w(g)?
0
Let m(u) = -u**2 + 3*u - 1. Let p be (-4 + 14/4)*2. Let k be (1 - p)/((-14)/(-203)). Let l = -24 + k. Give m(l).
-11
Let h(g) = 3*g**3 + 2*g - 1. Let k(s) = -17*s**3 - s**2 - 11*s + 32. Let l(c) = 6*h(c) + k(c). Determine l(0).
26
Suppose -5*v - 15 = -5*k, -7 = -3*v + 10*k - 11*k. Let f(c) = -c**2 + c + 1. Let m(h) = 6*h**3 + 8*h**2 - 8*h - 5. Let d(u) = -6*f(u) - m(u). Determine d(v).
-7
Let x(p) = 3 - 17*p + 2 - 4 - 2. Let n(s) = s**2 - 5*s - 7. Let m be n(6). Determine x(m).
16
Let f(o) = o**3 + o**2. Let w(d) be the third derivative of -d**6/30 - 11*d**5/60 + d**4/24 + d**3/3 - d**2 + 7*d. Let y(g) = 5*f(g) + w(g). Calculate y(6).
8
Let c(i) = i - 31. Let o be (0/(3/(15/10)))/(-5). What is c(o)?
-31
Let o(f) be the second derivative of -f**3/6 - 4*f**2 - 38*f. Determine o(0).
-8
Let n(v) = v + 4. Suppose 2*m + 2 = -2. Let k be 1/5*0 + (-8)/m. What is n(k)?
8
Let w(j) = j**3 + 4*j**2 + 4*j + 1. Let p be -1*(-5)/((-15)/(-12)). Suppose 20 = -5*d, 4*d + 24 = -p*h - 8. Give w(h).
-15
Let s(o) be the second derivative of 6*o - 5/2*o**2 + 0 - 1/6*o**3. Determine s(-5).
0
Let g(q) = -q**2 - q + 2. Let w = 900 - 907. What is g(w)?
-40
Let d(o) be the first derivative of o**7/840 - o**6/180 - o**5/40 - o**4/8 - 37*o**3/3 - 12. Let z(f) be the third derivative of d(f). Give z(3).
-3
Suppose 9*f = 5*d + 4*f - 15, 8 = d - 2*f. Let a(g) = -g**2 - 9*g - 14. Let h be a(-6). Let s(t) = 2*t - h*t - 3 + 3*t + 2. Give s(d).
-3
Let p = -66 - -118. Let z = 56 - p. Let d(a) = a**2 - a - 1. Calculate d(z).
11
Let z(q) = 5*q + 2. Suppose 5*u + 22 = 237. Let r = 41 - u. Give z(r).
-8
Let d be (2 + -4 - -4) + 1. Suppose -2*i + d = -1. Let z(y) = -2*y**i + 2*y - 1 - y**3 + 0*y**2 + 7*y**2 - 7*y. Calculate z(4).
-5
Let b(f) = -2*f - 4. Let u(i) = -i - 3. Let v(o) = 2*b(o) - 3*u(o). Calculate v(10).
-9
Let u(z) = z**3 - 9*z**2 + 5*z + 7. Let o(m) = -5*m - 52. Let a be o(-12). Calculate u(a).
-17
Let j(w) = -86*w + 34*w + 24*w + 1 + 29*w. Determine j(-2).
-1
Let k = -258 - -253. Let l(y) = 2*y + 15. What is l(k)?
5
Suppose -102 + 36 = 11*y. Let o(g) = -3*g**3 - 19*g**2 - 4*g + 13. Give o(y).
1
Let d(a) = a + 4. Let l(x) = x**3 - 9*x**2 + 11*x - 20. Let n be l(8). Suppose -9 + n = -h. Calculate d(h).
9
Let t = 3 - 2. Suppose 3*y - 16 = -1, 3*y - 39 = -4*c. Let j(f) = -4 + c - 10*f**3 - f**2 + 0 - 1. What is j(t)?
-10
Let q(u) = u**3 + u**2 - 2*u + 5. Let d be q(0). Suppose d*p + 6 = f - 6, -f - 4*p - 24 = 0. Let r(h) = -h**2 - 10*h - 11. What is r(f)?
5
Suppose -3*n + 44 = -4*w, 12*n + 32 = -3*w + 14*n. Let l(q) = -3*q - 1. What is l(w)?
23
Let w(g) = -g**3 + 4*g**2 + 8*g - 7. Let q(b) = -13*b - 35. Let k be q(-5). Suppose 3*t = -3*l + k, -2*l + 3*t - 2*t = -5. What is w(l)?
8
Suppose -2*f = -7*f + 40. Let i(k) be the third derivative of k**6/120 - 7*k**5/60 - 7*k**4/24 - k**3 - 8*k**2 - 33. Calculate i(f).
2
Let s(a) be the second derivative of 2*a**3/3 - 13*a**2/2 - 13*a - 2. Let y(r) = 16 - 3 - 1 - 3*r. Let p(f) = -2*s(f) - 3*y(f). Give p(6).
-4
Let f(j) = j**2 + 3*j**3 + 1 - 3*j**2 - 2*j**3. Let g(r) = r**3 + 10*r**2 - 9*r + 22. Let x be g(-11). Suppose x = 2*d + 7 - 11. What is f(d)?
1
Let i(p) be the third derivative of -p**5/60 - 5*p**4/24 - p**3/2 - 7*p**2. Suppose -2*c + g - 4 = 4, 2*c - 2*g = -6. Calculate i(c).
-3
Let z(w) be the second derivative of -w**3/6 + 2*w**2 + 7*w + 15. What is z(4)?
0
Let f(t) = -t**2 - 54*t + 301. Let n be f(-59). Le